 w - 3*w. List the prime factors of a(d).
3, 5
Let a(j) = j**3 + 26*j**2 - 35*j + 6. List the prime factors of a(-27).
2, 3, 37
Let k(j) = 31*j**2 - 3*j - 1. Let b be k(1). Suppose -32*q = -b*q - 415. List the prime factors of q.
83
Let g be (-6)/(-10) - (-51)/(-85). Suppose -3*t + 4*t - 35 = g. List the prime factors of t.
5, 7
Let m = 26 - 24. List the prime factors of -13 + 9 - (-29 - m).
3
Let f be 8/(-3)*9/(-4). Suppose 0 = r - 0 - f. List the prime factors of (-1 + 0)/(r/(-96)).
2
Let d(v) = -v**2 - 7*v - 3. Let b be d(-6). Suppose -4*k - 13 - b = 0. Let m(c) = -c**2 - 8*c - 3. List the prime factors of m(k).
13
Suppose -991 = -3*a + 4*k, a + 0*k - 5*k = 312. What are the prime factors of a?
337
Let y(h) = -17*h. Let k be y(-7). Suppose 73 + k = 3*g. What are the prime factors of g?
2
Suppose y + y = 0, 5*s = 5*y + 10800. List the prime factors of s.
2, 3, 5
Let c(y) = -3*y + 3. Let p(h) = -h**2 + 13*h + 13. Let v be p(15). What are the prime factors of c(v)?
2, 3
Let z = -47 - -50. Suppose -2*l = z*l - 300. List the prime factors of l.
2, 3, 5
Let y = -463 + 592. List the prime factors of y.
3, 43
Let k = 1 + -2. Let v be 1 - 14 - (-1 - k). Let x = v + 31. List the prime factors of x.
2, 3
Let p = -42 + 72. Suppose -4*d + d + p = 0. What are the prime factors of d?
2, 5
What are the prime factors of (((-3)/2)/1)/((-28)/22120)?
3, 5, 79
Let o(a) = -a**3 - 2*a**2 + a + 4. Let u be o(-2). Suppose u*z = -96 + 324. What are the prime factors of z?
2, 3, 19
Let n = -39 + 42. Suppose n*i = 2*i + 27. List the prime factors of i.
3
Let l = 20 - -25. Suppose 0 = 2*x + 2, x - 75 = -4*c. Suppose -c = -4*n + l. List the prime factors of n.
2
Suppose 5*k - 21825 = o, -21*k + o + 4365 = -20*k. What are the prime factors of k?
3, 5, 97
Let h = 6 + -9. Let c = h + 5. List the prime factors of (0 + c)*46/4.
23
Let r = 19 + -16. Suppose 0 = r*g - g - 8. Suppose -4*f = -2*i + 34 - 6, -5*i + g*f + 46 = 0. List the prime factors of i.
2, 3
Let u(y) = -11*y - 1. Let q be u(1). What are the prime factors of ((-2)/3)/(q/(-18)) + 11?
2, 5
Suppose -c = n - 152, -3*n + 3*c = -218 - 226. Suppose -r = 2*t - 99, t - 4*t = 2*r - n. List the prime factors of t.
2, 3
Let m(j) = j**3 + 16*j**2 + 3. Let p be m(-16). Suppose 0 = -3*h - 2*n - p*n + 42, 3*h - 2*n = 42. Let v = 22 - h. List the prime factors of v.
2
Let k(i) = -i**2 + 36*i - 107. What are the prime factors of k(16)?
3, 71
Let i be (-10578)/(-205) + 1 + (-3)/5. Suppose 2*s = 5*c - s - 34, -c - 5*s - 10 = 0. Suppose -w = -c*w + i. List the prime factors of w.
13
List the prime factors of 0 + (-7)/21*(0 + -6225).
5, 83
Let u = -9 - -13. Suppose 4*d = w + 49, -5*d + 3*d + 42 = -u*w. What are the prime factors of d?
11
Suppose 2819 = 2*d - 2841. List the prime factors of d.
2, 5, 283
Let w(c) = -2*c**2 - 13*c - 5. Let p be w(-5). Suppose -3*i - 420 = -p*i. List the prime factors of i.
2, 3, 5
Let w be 0 + 0 - 160/(-4). Let p be (-47)/(-15) - 4/30. Suppose -3*x + w = p*r - 5, -36 = -2*x - 5*r. List the prime factors of x.
13
What are the prime factors of (-1)/2 + (-23886)/(-36)?
3, 13, 17
Let r = 8 - 12. Let h be (r/12)/(4/(-372)). Suppose -d + 2*j + 0*j = -27, d = -2*j + h. List the prime factors of d.
29
Let x = 20 + 42. Suppose -4*y + x = 18. Let o = -2 + y. What are the prime factors of o?
3
Let u(n) = -2 - 13*n**2 - 7*n + 8*n**2 + 10*n**2 + 24*n. What are the prime factors of u(-6)?
2, 19
Let t be 2/14 - (-65)/35. Suppose t*l - 5*s = -35, -l - 2*l + 10 = 5*s. Let m = 28 - l. What are the prime factors of m?
3, 11
Suppose 3*b - 5*v = 0, -3*b - 4*v + 2*v + 21 = 0. Suppose -f + 5*f - b*h - 77 = 0, 2*h = 6. List the prime factors of f.
23
Let p(b) = -5*b - 12. Let q be (1 + -4)/(3/6). Let a be p(q). What are the prime factors of -1*(1 - 1) + a?
2, 3
Let d = -43 - -122. List the prime factors of d.
79
Suppose 10*g - 11*g = 8. Let c(s) = s**3 + 12*s**2 + 7*s - 6. What are the prime factors of c(g)?
2, 97
Let g(a) = a**2 - 8 + 25*a - 20*a + 1. Let j be g(-5). Let l = j - -12. List the prime factors of l.
5
Let o(h) = -3*h - 1. Let w = 3 - 2. Let a be o(w). List the prime factors of 13*(-4 - -2 - a).
2, 13
Let k(i) = -4*i + 36. Let w be k(-6). Suppose 2*d - w = 44. What are the prime factors of d?
2, 13
Let l = -466 + 887. What are the prime factors of l?
421
Let o(i) = -179*i**3 + 3*i**2 + 12*i - 15. What are the prime factors of o(-3)?
3, 7, 229
Suppose -u = 5, -p - 677 = -2*p + 2*u. Suppose -5*d + m + p = 0, 97 = 5*d - 2*m - 567. What are the prime factors of d?
2, 67
Suppose -83*x + 57*x + 25064 = 0. List the prime factors of x.
2, 241
Let p = 354 - 520. Suppose 2*m + 0 = g - 44, 5*m + 5 = 0. List the prime factors of p/(-3) - (-28)/g.
2, 7
Let u(a) = a - 20. Let f be u(12). What are the prime factors of 24/f - (-2 + -19)?
2, 3
Let o = 62 + -33. Let t = o - 20. What are the prime factors of t?
3
Suppose 10*k - 8*k - 8 = 0. Suppose -r = -3*r + k. What are the prime factors of r?
2
Let k be ((-44)/(-77))/(2/14). What are the prime factors of k - -4*(-12)/(-8)?
2, 5
Let m(b) = -1 + b**2 + 3*b - 5*b + 3. What are the prime factors of m(-5)?
37
Let g = -1358 - -2118. What are the prime factors of g?
2, 5, 19
Let m(w) = 3*w**2 + 2*w - 13*w + w**3 - 3 + 7*w. Let y be m(-4). Let p(x) = 4*x**2 - 1. List the prime factors of p(y).
5, 7
Let o(q) = -3*q**2 - 2*q + 22 - 22. Let d be o(2). Let f = d + 19. What are the prime factors of f?
3
Let p(k) = k**3 - 12*k**2 + 9*k - 33. List the prime factors of p(12).
3, 5
Let v = 37 + -33. Suppose 0 = -v*a - 2*a + 198. List the prime factors of a.
3, 11
Let l(p) = p + 5. Let y = -9 + 14. Let x be l(y). Suppose -2*b + x + 24 = 0. What are the prime factors of b?
17
Let m(j) = 139*j**2 + 3*j + 2. What are the prime factors of m(1)?
2, 3
Let l = -18 - -26. List the prime factors of ((60/l)/((-2)/4))/(-1).
3, 5
Let m(q) = -q**3 - q + 13. Suppose -r + 5*h - 24 = 0, 3*h + 2*h = -3*r - 12. Let a = r + 9. List the prime factors of m(a).
13
What are the prime factors of 401/((8 - 2)/6)?
401
Let s be (-2742)/(-10) - ((-12)/20)/(-3). Let b = s + -106. What are the prime factors of b?
2, 3, 7
Suppose 0 = -5*o - 4*t + 4582, -5*o + 2*t = t - 4567. What are the prime factors of o?
2, 457
What are the prime factors of 754/4 + -4*7/(-56)?
3, 7
Suppose 6 = 2*u + u. Suppose -u*f = -0*f - 310. Let q = f + -111. List the prime factors of q.
2, 11
Let x = 58 - 56. Suppose -4*z + 408 = x*z. List the prime factors of z.
2, 17
Let r be (-2)/9 - 21/(-27)*26. Let x(y) = 8*y - 3. What are the prime factors of x(r)?
157
Suppose -z - 2*z - 14 = -i, 0 = i + 4*z. Suppose i = -k - 4. What are the prime factors of (-288)/k*(2 - -1)?
2, 3
Let y be (2 + 1)/((-9)/(-21)). Let x(c) = -2*c + 9. Let q be x(y). List the prime factors of 38 + 8/(1 + q).
2, 3
Let g(z) = z**2 - z + 1. Let f(i) = 3*i**2 + 9*i + 1. Let m(p) = -f(p) + 2*g(p). List the prime factors of m(-8).
5
Suppose m - 4*m + q = -1962, -m + 2*q + 659 = 0. What are the prime factors of m?
653
What are the prime factors of (-365935)/(-75) + (64/(-30) - -2)?
7, 17, 41
Suppose -2*j + 1 = -5. Suppose -5*k + 27 = j*w - 2*w, -5*k + 3 = -w. List the prime factors of (w/6)/((-2)/(-67)).
67
Suppose 42 = -3*j - 63. Let u = -40 - j. What are the prime factors of ((-4)/u)/(4/320)?
2
Let g(q) = -q**3 - 3*q**2 - 3*q + 2. Let s be g(-5). Let l be (6 - 3) + s + -1. Suppose -k + 47 = -5*t, 3*t - l = -3*k - 0*t. List the prime factors of k.
3
Let i(o) = -o**2 - 11*o + 11. Suppose 0 = -4*k + 5*a + 193, 0 = 2*k - k + 3*a - 27. Suppose 4*c + k = 6. What are the prime factors of i(c)?
29
Let o = -1473 - -2498. What are the prime factors of o?
5, 41
Let m(u) = 250*u + 28. Let y be m(8). Suppose -7*o = 6*o - y. What are the prime factors of o?
2, 3, 13
Let h = -10 + 11. What are the prime factors of 59*(-3 + 4)*h?
59
List the prime factors of (-4 + 1)/((-222)/13468).
2, 7, 13
Suppose -15 - 30 = -5*t. Let x = 10 + -6. Suppose 39 = 3*q - 4*g, -3*g + x + t = q. What are the prime factors of q?
13
What are the prime factors of 2410 - (4/(-20) + (-110)/(-50))?
2, 7, 43
Let p(l) be the second derivative of 7*l**3 - 9*l**2 - 20*l - 2. What are the prime factors of p(2)?
2, 3, 11
Let a(y) = -8*y - 5. Let l be a(-5). Let f be 2/7 - 1320/(-280). Suppose f = -z + l. List the prime factors of z